{"id":10,"date":"2024-05-19T21:27:37","date_gmt":"2024-05-19T21:27:37","guid":{"rendered":"https:\/\/150.136.255.103\/?page_id=10"},"modified":"2024-05-20T01:27:40","modified_gmt":"2024-05-20T01:27:40","slug":"__trashed-2","status":"publish","type":"page","link":"https:\/\/envioexpresso.org\/?page_id=10","title":{"rendered":"ENV\u00cdOS DE DINERO"},"content":{"rendered":"\n<p class=\"has-text-align-center\">Aqu\u00ed en Envio Expresso Inc, usted puede mandar su dinero con confianza y seguridad de que llegara a su destino lo m\u00e1s r\u00e1pido posible. En nuestro local tenemos Intermex, Ria Envia, y MoneyGram que los deja mandar a Latinoam\u00e9rica y Europa. Te garantizamos que el cambio ofrecido en Envio Expresso es el m\u00e1s alto en todo el \u00e1rea.<\/p>\n\n\n\n<figure class=\"wp-block-image aligncenter size-full is-resized\"><img loading=\"lazy\" decoding=\"async\" width=\"756\" height=\"254\" src=\"https:\/\/envioexpresso.org\/wp-content\/uploads\/2024\/05\/ria.png\" alt=\"\" class=\"wp-image-117\" style=\"width:310px;height:auto\" srcset=\"https:\/\/envioexpresso.org\/wp-content\/uploads\/2024\/05\/ria.png 756w, https:\/\/envioexpresso.org\/wp-content\/uploads\/2024\/05\/ria-300x101.png 300w\" sizes=\"auto, (max-width: 756px) 100vw, 756px\" \/><\/figure>\n\n\n\n<figure class=\"wp-block-image aligncenter size-full\"><img loading=\"lazy\" decoding=\"async\" width=\"532\" height=\"373\" src=\"https:\/\/envioexpresso.org\/wp-content\/uploads\/2024\/05\/moneygram.png\" alt=\"\" class=\"wp-image-115\" srcset=\"https:\/\/envioexpresso.org\/wp-content\/uploads\/2024\/05\/moneygram.png 532w, https:\/\/envioexpresso.org\/wp-content\/uploads\/2024\/05\/moneygram-300x210.png 300w\" sizes=\"auto, (max-width: 532px) 100vw, 532px\" \/><\/figure>\n\n\n\n<figure class=\"wp-block-image aligncenter size-large\"><img loading=\"lazy\" decoding=\"async\" width=\"1024\" height=\"196\" src=\"https:\/\/envioexpresso.org\/wp-content\/uploads\/2024\/05\/intermex-1024x196.png\" alt=\"\" class=\"wp-image-113\" srcset=\"https:\/\/envioexpresso.org\/wp-content\/uploads\/2024\/05\/intermex-1024x196.png 1024w, https:\/\/envioexpresso.org\/wp-content\/uploads\/2024\/05\/intermex-300x57.png 300w, https:\/\/envioexpresso.org\/wp-content\/uploads\/2024\/05\/intermex-768x147.png 768w, https:\/\/envioexpresso.org\/wp-content\/uploads\/2024\/05\/intermex-1536x294.png 1536w, https:\/\/envioexpresso.org\/wp-content\/uploads\/2024\/05\/intermex-2048x392.png 2048w\" sizes=\"auto, (max-width: 1024px) 100vw, 1024px\" \/><\/figure>\n\n\n\n<h3 class=\"wp-block-heading has-text-align-center\">Intermex Puntos<\/h3>\n\n\n\n<p class=\"has-text-align-center\">Cuando mandas dinero con Intermex en la agencia de Envio Expresso usando su tarjeta de socio, puedes ganar puntos que se pueden usar para subir el cambio de sus env\u00edos de dinero sin ning\u00fan costo adicional. Para Honduras y El Salvador los puntos sirven para rebajar el costo de su envio! Si tienes preguntas, por favor ll\u00e1manos al tel\u00e9fono +1 (708)-345-5327 o preg\u00fantale a uno de nuestros empleados en la ventanilla.<\/p>\n\n\n\n<div class=\"wp-block-buttons is-content-justification-center is-layout-flex wp-container-core-buttons-is-layout-a89b3969 wp-block-buttons-is-layout-flex\">\n<div class=\"wp-block-button\"><a class=\"wp-block-button__link has-text-align-center wp-element-button\" href=\"https:\/\/envioexpresso.org\">Regresar a p\u00e1gina principal<\/a><\/div>\n<\/div>\n","protected":false},"excerpt":{"rendered":"<p>Aqu\u00ed en Envio Expresso Inc, usted puede mandar su dinero con confianza y seguridad de que llegara a su destino lo m\u00e1s r\u00e1pido posible. En nuestro local tenemos Intermex, Ria Envia, y MoneyGram que los deja mandar a Latinoam\u00e9rica y Europa. Te garantizamos que el cambio ofrecido en Envio Expresso es el m\u00e1s alto en [&hellip;]<\/p>\n","protected":false},"author":1,"featured_media":0,"parent":0,"menu_order":0,"comment_status":"closed","ping_status":"closed","template":"","meta":{"footnotes":""},"class_list":["post-10","page","type-page","status-publish","hentry"],"yoast_head":"<!-- This site is optimized with the Yoast SEO plugin v27.0 - https:\/\/yoast.com\/product\/yoast-seo-wordpress\/ -->\n<title>ENV\u00cdOS DE DINERO - Envio Expresso Inc<\/title>\n<meta name=\"description\" content=\"Aqu\u00ed en Envio Expresso Inc, tenemos las agencias para env\u00edos de dinero Intermex, Ria Envia, Afex, y MoneyGram disponibles para tu conveniencia!\" \/>\n<meta name=\"robots\" content=\"index, follow, max-snippet:-1, max-image-preview:large, max-video-preview:-1\" \/>\n<link rel=\"canonical\" href=\"https:\/\/envioexpresso.org\/?page_id=10\" \/>\n<meta property=\"og:locale\" content=\"en_US\" \/>\n<meta property=\"og:type\" content=\"article\" \/>\n<meta property=\"og:title\" content=\"ENV\u00cdOS DE DINERO - Envio Expresso Inc\" \/>\n<meta property=\"og:description\" content=\"Aqu\u00ed en Envio Expresso Inc, tenemos las agencias para env\u00edos de dinero Intermex, Ria Envia, Afex, y MoneyGram disponibles para tu conveniencia!\" \/>\n<meta property=\"og:url\" content=\"https:\/\/envioexpresso.org\/?page_id=10\" \/>\n<meta property=\"og:site_name\" content=\"Envio Expresso Inc\" \/>\n<meta property=\"article:publisher\" content=\"https:\/\/facebook.com\/people\/Envio-Expresso-Inc\/100063706296682\/\" \/>\n<meta property=\"article:modified_time\" content=\"2024-05-20T01:27:40+00:00\" \/>\n<meta property=\"og:image\" content=\"https:\/\/envioexpresso.org\/wp-content\/uploads\/2024\/05\/ria.png\" \/>\n<meta name=\"twitter:card\" content=\"summary_large_image\" \/>\n<meta name=\"twitter:label1\" content=\"Est. reading time\" \/>\n\t<meta name=\"twitter:data1\" content=\"2 minutes\" \/>\n<script type=\"application\/ld+json\" class=\"yoast-schema-graph\">{\"@context\":\"https:\/\/schema.org\",\"@graph\":[{\"@type\":\"WebPage\",\"@id\":\"https:\/\/envioexpresso.org\/?page_id=10\",\"url\":\"https:\/\/envioexpresso.org\/?page_id=10\",\"name\":\"ENV\u00cdOS DE DINERO - Envio Expresso Inc\",\"isPartOf\":{\"@id\":\"https:\/\/envioexpresso.org\/#website\"},\"primaryImageOfPage\":{\"@id\":\"https:\/\/envioexpresso.org\/?page_id=10#primaryimage\"},\"image\":{\"@id\":\"https:\/\/envioexpresso.org\/?page_id=10#primaryimage\"},\"thumbnailUrl\":\"https:\/\/envioexpresso.org\/wp-content\/uploads\/2024\/05\/ria.png\",\"datePublished\":\"2024-05-19T21:27:37+00:00\",\"dateModified\":\"2024-05-20T01:27:40+00:00\",\"description\":\"Aqu\u00ed en Envio Expresso Inc, tenemos las agencias para env\u00edos de dinero Intermex, Ria Envia, Afex, y MoneyGram disponibles para tu conveniencia!\",\"breadcrumb\":{\"@id\":\"https:\/\/envioexpresso.org\/?page_id=10#breadcrumb\"},\"inLanguage\":\"en-US\",\"potentialAction\":[{\"@type\":\"ReadAction\",\"target\":[\"https:\/\/envioexpresso.org\/?page_id=10\"]}]},{\"@type\":\"ImageObject\",\"inLanguage\":\"en-US\",\"@id\":\"https:\/\/envioexpresso.org\/?page_id=10#primaryimage\",\"url\":\"https:\/\/envioexpresso.org\/wp-content\/uploads\/2024\/05\/ria.png\",\"contentUrl\":\"https:\/\/envioexpresso.org\/wp-content\/uploads\/2024\/05\/ria.png\",\"width\":756,\"height\":254},{\"@type\":\"BreadcrumbList\",\"@id\":\"https:\/\/envioexpresso.org\/?page_id=10#breadcrumb\",\"itemListElement\":[{\"@type\":\"ListItem\",\"position\":1,\"name\":\"Home\",\"item\":\"https:\/\/envioexpresso.org\/\"},{\"@type\":\"ListItem\",\"position\":2,\"name\":\"ENV\u00cdOS DE DINERO\"}]},{\"@type\":\"WebSite\",\"@id\":\"https:\/\/envioexpresso.org\/#website\",\"url\":\"https:\/\/envioexpresso.org\/\",\"name\":\"Envio Expresso Inc\",\"description\":\"Servicio bueno y precios buenisimos\",\"publisher\":{\"@id\":\"https:\/\/envioexpresso.org\/#organization\"},\"potentialAction\":[{\"@type\":\"SearchAction\",\"target\":{\"@type\":\"EntryPoint\",\"urlTemplate\":\"https:\/\/envioexpresso.org\/?s={search_term_string}\"},\"query-input\":{\"@type\":\"PropertyValueSpecification\",\"valueRequired\":true,\"valueName\":\"search_term_string\"}}],\"inLanguage\":\"en-US\"},{\"@type\":\"Organization\",\"@id\":\"https:\/\/envioexpresso.org\/#organization\",\"name\":\"Envio Expresso Inc\",\"url\":\"https:\/\/envioexpresso.org\/\",\"logo\":{\"@type\":\"ImageObject\",\"inLanguage\":\"en-US\",\"@id\":\"https:\/\/envioexpresso.org\/#\/schema\/logo\/image\/\",\"url\":\"https:\/\/envioexpresso.org\/wp-content\/uploads\/2024\/05\/Yellow_and_White_Cute_Playful_Fun_Waffles_Food_Circle_Logo-removebg-preview.png\",\"contentUrl\":\"https:\/\/envioexpresso.org\/wp-content\/uploads\/2024\/05\/Yellow_and_White_Cute_Playful_Fun_Waffles_Food_Circle_Logo-removebg-preview.png\",\"width\":500,\"height\":500,\"caption\":\"Envio Expresso Inc\"},\"image\":{\"@id\":\"https:\/\/envioexpresso.org\/#\/schema\/logo\/image\/\"},\"sameAs\":[\"https:\/\/facebook.com\/people\/Envio-Expresso-Inc\/100063706296682\/\"]}]}<\/script>\n<!-- \/ Yoast SEO plugin. -->","yoast_head_json":{"title":"ENV\u00cdOS DE DINERO - Envio Expresso Inc","description":"Aqu\u00ed en Envio Expresso Inc, tenemos las agencias para env\u00edos de dinero Intermex, Ria Envia, Afex, y MoneyGram disponibles para tu conveniencia!","robots":{"index":"index","follow":"follow","max-snippet":"max-snippet:-1","max-image-preview":"max-image-preview:large","max-video-preview":"max-video-preview:-1"},"canonical":"https:\/\/envioexpresso.org\/?page_id=10","og_locale":"en_US","og_type":"article","og_title":"ENV\u00cdOS DE DINERO - Envio Expresso Inc","og_description":"Aqu\u00ed en Envio Expresso Inc, tenemos las agencias para env\u00edos de dinero Intermex, Ria Envia, Afex, y MoneyGram disponibles para tu conveniencia!","og_url":"https:\/\/envioexpresso.org\/?page_id=10","og_site_name":"Envio Expresso Inc","article_publisher":"https:\/\/facebook.com\/people\/Envio-Expresso-Inc\/100063706296682\/","article_modified_time":"2024-05-20T01:27:40+00:00","og_image":[{"url":"https:\/\/envioexpresso.org\/wp-content\/uploads\/2024\/05\/ria.png","type":"","width":"","height":""}],"twitter_card":"summary_large_image","twitter_misc":{"Est. reading time":"2 minutes"},"schema":{"@context":"https:\/\/schema.org","@graph":[{"@type":"WebPage","@id":"https:\/\/envioexpresso.org\/?page_id=10","url":"https:\/\/envioexpresso.org\/?page_id=10","name":"ENV\u00cdOS DE DINERO - Envio Expresso Inc","isPartOf":{"@id":"https:\/\/envioexpresso.org\/#website"},"primaryImageOfPage":{"@id":"https:\/\/envioexpresso.org\/?page_id=10#primaryimage"},"image":{"@id":"https:\/\/envioexpresso.org\/?page_id=10#primaryimage"},"thumbnailUrl":"https:\/\/envioexpresso.org\/wp-content\/uploads\/2024\/05\/ria.png","datePublished":"2024-05-19T21:27:37+00:00","dateModified":"2024-05-20T01:27:40+00:00","description":"Aqu\u00ed en Envio Expresso Inc, tenemos las agencias para env\u00edos de dinero Intermex, Ria Envia, Afex, y MoneyGram disponibles para tu conveniencia!","breadcrumb":{"@id":"https:\/\/envioexpresso.org\/?page_id=10#breadcrumb"},"inLanguage":"en-US","potentialAction":[{"@type":"ReadAction","target":["https:\/\/envioexpresso.org\/?page_id=10"]}]},{"@type":"ImageObject","inLanguage":"en-US","@id":"https:\/\/envioexpresso.org\/?page_id=10#primaryimage","url":"https:\/\/envioexpresso.org\/wp-content\/uploads\/2024\/05\/ria.png","contentUrl":"https:\/\/envioexpresso.org\/wp-content\/uploads\/2024\/05\/ria.png","width":756,"height":254},{"@type":"BreadcrumbList","@id":"https:\/\/envioexpresso.org\/?page_id=10#breadcrumb","itemListElement":[{"@type":"ListItem","position":1,"name":"Home","item":"https:\/\/envioexpresso.org\/"},{"@type":"ListItem","position":2,"name":"ENV\u00cdOS DE DINERO"}]},{"@type":"WebSite","@id":"https:\/\/envioexpresso.org\/#website","url":"https:\/\/envioexpresso.org\/","name":"Envio Expresso Inc","description":"Servicio bueno y precios buenisimos","publisher":{"@id":"https:\/\/envioexpresso.org\/#organization"},"potentialAction":[{"@type":"SearchAction","target":{"@type":"EntryPoint","urlTemplate":"https:\/\/envioexpresso.org\/?s={search_term_string}"},"query-input":{"@type":"PropertyValueSpecification","valueRequired":true,"valueName":"search_term_string"}}],"inLanguage":"en-US"},{"@type":"Organization","@id":"https:\/\/envioexpresso.org\/#organization","name":"Envio Expresso Inc","url":"https:\/\/envioexpresso.org\/","logo":{"@type":"ImageObject","inLanguage":"en-US","@id":"https:\/\/envioexpresso.org\/#\/schema\/logo\/image\/","url":"https:\/\/envioexpresso.org\/wp-content\/uploads\/2024\/05\/Yellow_and_White_Cute_Playful_Fun_Waffles_Food_Circle_Logo-removebg-preview.png","contentUrl":"https:\/\/envioexpresso.org\/wp-content\/uploads\/2024\/05\/Yellow_and_White_Cute_Playful_Fun_Waffles_Food_Circle_Logo-removebg-preview.png","width":500,"height":500,"caption":"Envio Expresso Inc"},"image":{"@id":"https:\/\/envioexpresso.org\/#\/schema\/logo\/image\/"},"sameAs":["https:\/\/facebook.com\/people\/Envio-Expresso-Inc\/100063706296682\/"]}]}},"_links":{"self":[{"href":"https:\/\/envioexpresso.org\/index.php?rest_route=\/wp\/v2\/pages\/10","targetHints":{"allow":["GET"]}}],"collection":[{"href":"https:\/\/envioexpresso.org\/index.php?rest_route=\/wp\/v2\/pages"}],"about":[{"href":"https:\/\/envioexpresso.org\/index.php?rest_route=\/wp\/v2\/types\/page"}],"author":[{"embeddable":true,"href":"https:\/\/envioexpresso.org\/index.php?rest_route=\/wp\/v2\/users\/1"}],"replies":[{"embeddable":true,"href":"https:\/\/envioexpresso.org\/index.php?rest_route=%2Fwp%2Fv2%2Fcomments&post=10"}],"version-history":[{"count":8,"href":"https:\/\/envioexpresso.org\/index.php?rest_route=\/wp\/v2\/pages\/10\/revisions"}],"predecessor-version":[{"id":143,"href":"https:\/\/envioexpresso.org\/index.php?rest_route=\/wp\/v2\/pages\/10\/revisions\/143"}],"wp:attachment":[{"href":"https:\/\/envioexpresso.org\/index.php?rest_route=%2Fwp%2Fv2%2Fmedia&parent=10"}],"curies":[{"name":"wp","href":"https:\/\/api.w.org\/{rel}","templated":true}]}}